827 a prime number?
True
Is 225043153 a composite number?
False
Is 130246788281 prime?
True
Is 105949997 composite?
False
Is 137062814219 prime?
True
Is 1557891427 a composite number?
True
Is 1654436793 composite?
True
Is 21859925071 a composite number?
True
Is 9918153907 prime?
False
Is 491861087 prime?
True
Is 48854211587 prime?
False
Is 45017948453 a prime number?
True
Is 2338611323 composite?
True
Is 964089418 a prime number?
False
Is 7854919235 a composite number?
True
Is 1328386537 a prime number?
True
Is 2341338053 prime?
False
Is 56551317 prime?
False
Is 524419997 a prime number?
True
Is 11448380291 composite?
True
Is 39024687529 prime?
True
Is 19650596947 prime?
True
Is 149297963 prime?
True
Is 1868844149 composite?
True
Is 19054913 prime?
True
Is 70344015839 a composite number?
True
Is 72901067009 composite?
True
Is 40562039473 a prime number?
True
Is 66847733461 prime?
True
Is 850627541 a prime number?
True
Is 131197853 prime?
False
Is 369202679 a composite number?
False
Is 3057525619 prime?
False
Is 14675213006 a prime number?
False
Is 481336627 a composite number?
True
Is 8359822087 a prime number?
False
Is 177561383 prime?
False
Is 1773731987 a prime number?
True
Is 158974001 a composite number?
True
Is 20550816119 a prime number?
False
Is 4181219527 a prime number?
False
Is 14986619489 a prime number?
True
Is 25155606089 a composite number?
True
Is 9947115879 prime?
False
Is 1751004643 composite?
False
Is 8236376441 prime?
True
Is 101718131 prime?
True
Is 19340666707 a composite number?
False
Is 685443937 composite?
False
Is 674200281 composite?
True
Is 285542881 prime?
False
Is 1181850151 a prime number?
False
Is 862395577 a composite number?
True
Is 21053820659 prime?
True
Is 5708507158 a prime number?
False
Is 81685652981 a prime number?
True
Is 32189362873 prime?
False
Is 920777027 composite?
True
Is 539702717 composite?
False
Is 2717601437 prime?
True
Is 21678115127 a prime number?
True
Is 6472424911 a prime number?
False
Is 11983409843 prime?
False
Is 11181480287 composite?
True
Is 42046453 a composite number?
True
Is 5749759747 prime?
True
Is 56130406477 composite?
False
Is 270680315 a composite number?
True
Is 10291153909 prime?
False
Is 485220055 a prime number?
False
Is 793266959 a prime number?
True
Is 311543138 prime?
False
Is 34087135843 a composite number?
True
Is 122285949089 prime?
False
Is 2520846719 a composite number?
False
Is 11320991531 a composite number?
False
Is 134068894109 prime?
False
Is 9221962807 a composite number?
False
Is 1707276301 composite?
False
Is 875187029 a prime number?
False
Is 2677746011 a composite number?
True
Is 4914619763 a composite number?
True
Is 869042719 prime?
True
Is 2681812009 a prime number?
False
Is 11775724343 prime?
False
Is 954232051 prime?
True
Is 1890618971 a composite number?
False
Is 5702228303 composite?
True
Is 27837130333 a composite number?
True
Is 10575347467 prime?
True
Is 660288317 prime?
False
Is 11693830043 prime?
False
Is 231393845 a composite number?
True
Is 37889670157 a prime number?
True
Is 6614433741 composite?
True
Is 257869639 composite?
True
Is 402754711 a composite number?
False
Is 15254655973 a prime number?
False
Is 3192601829 composite?
True
Is 2921283241 a prime number?
False
Is 29412679 prime?
False
Is 73606325327 a composite number?
False
Is 6111549947 prime?
True
Is 25010009 a composite number?
True
Is 53046189793 a prime number?
True
Is 248750771 a prime number?
True
Is 6072476473 a prime number?
False
Is 3367890131 composite?
False
Is 39423282501 a prime number?
False
Is 624977401 a prime number?
True
Is 55970051909 composite?
False
Is 381134189 prime?
True
Is 25424308769 composite?
False
Is 42855127243 a composite number?
False
Is 3654560797 a prime number?
False
Is 35011573691 composite?
False
Is 390702397 a composite number?
True
Is 40881861173 composite?
True
Is 15440626 a composite number?
True
Is 32545335319 prime?
False
Is 80720147 composite?
True
Is 709469203 prime?
True
Is 67465669 prime?
False
Is 4228150813 a prime number?
True
Is 11453043517 a composite number?
True
Is 7328837266 composite?
True
Is 461163667 a composite number?
False
Is 1226737367 composite?
False
Is 117605567 a prime number?
False
Is 4783856773 prime?
True
Is 815846153 composite?
True
Is 1299644629 prime?
True
Is 25535126047 prime?
False
Is 24458174683 prime?
True
Is 23955940447 composite?
False
Is 74241103 a prime number?
False
Is 2358110629 prime?
False
Is 70993219 a composite number?
True
Is 167323886 a prime number?
False
Is 714074918 a prime number?
False
Is 987033659 a prime number?
True
Is 552786343807 a prime number?
False
Is 29677139671 composite?
False
Is 797692033 prime?
False
Is 12317011781 a composite number?
True
Is 4358071921 prime?
False
Is 854461681 a composite number?
True
Is 10654005101 a composite number?
True
Is 8544435479 composite?
True
Is 38721896069 prime?
True
Is 3481884103 a prime number?
True
Is 6136203617 composite?
True
Is 3943601117 a composite number?
False
Is 55559921983 prime?
True
Is 887597723 a composite number?
False
Is 345808213 a composite number?
False
Is 6480403841 a prime number?
True
Is 419695273 composite?
False
Is 13128788659 a composite number?
True
Is 409136287 a prime number?
False
Is 1530500053 composite?
False
Is 4464524542 a prime number?
False
Is 4264890243 prime?
False
Is 59757697759 composite?
True
Is 4708437133 a composite number?
True
Is 5334974123 a prime number?
False
Is 2286456449 a composite number?
False
Is 24985979419 prime?
True
Is 3237597659 prime?
False
Is 49762915997 a composite number?
True
Is 58618291 composite?
True
Is 11468466083 a composite number?
False
Is 7344825953 prime?
False
Is 247939295 composite?
True
Is 5884948491 a composite number?
True
Is 1623975799 composite?
False
Is 21487979 prime?
False
Is 239676472873 composite?
False
Is 14512547559 a composite number?
True
Is 89427345151 prime?
True
Is 13197614399 prime?
True
Is 181717677599 a composite number?
False
Is 4987478527 a prime number?
True
Is 6513183031 composite?
True
Is 60937586449 a composite number?
True
Is 7414749911 a prime number?
False
Is 783805579 composite?
False
Is 15240696943 composite?
False
Is 2201620141 composite?
True
Is 161971891 composite?
False
Is 9137403413 prime?
False
Is 723299317 a composite number?
True
Is 5054882087 a prime number?
False
Is 121758302909 a composite number?
False
Is 42683555023 a composite number?
True
Is 1083740621 a prime number?
True
Is 4921360979 a prime number?
True
Is 8972782723 a composite number?
True
Is 1644989321 a prime number?
False
Is 5767774499 composite?
True
Is 2815187671 prime?
True
Is 61049624461 a prime number?
False
Is 68609755889 prime?
True
Is 6738225323 prime?
False
Is 83724292199 prime?
True
Is 96392289281 a prime number?
True
Is 6289377079 composite?
False
Is 138420857483 composite?
True
Is 2945182481 composite?
False
Is 450323261 composite?
False
Is 12077207339 a prime number?
True
Is 35933553697 a composite number?
True
Is 4737577447 prime?
True
Is 2413201205 a prime number?
False
Is 558766679 a prime number?
True
Is 25243481 composite?
False
Is 86114893 a prime number?
True
Is 8326756177 a composite number?
False
Is 22456717531 a prime number?
True
Is 4986902233 prime?
True
Is 19341231839 a prime number?
False
Is 1477099993 a composite number?
False
Is 16482318131 a prime number?
True
Is 40911420493 a prime number?
True
Is 191934481 a prime number?
False
Is 7366538231 a prime number?
False
Is 2755084919 a prime number?
True
Is 162191788957 composite?
True
Is 113076346 prime?
False
Is 10821039041 a prime number?
True
Is 655049279 composite?
False
Is 718830887 prime?
True
Is 5167489199 prime?
True
Is 12344734405 a composite number?
True
Is 1780032137 a prime number?
False
Is 1848927541 a composite number?
True
Is 341687111 a composite number?
False
Is 2408718203 composite?
True
Is 1677214361 a prime number?
True
Is 2679746801 a composite number?
False
Is 323358187 prime?
True
Is 2765823149 composite?
True
Is 57644738219 composite?
False
Is 25625193249 composite?
True
Is 4672627963 a composite number?
False
Is 3413767783 a prime number?
True
Is 56899411 a composite number?
True
Is 320639569 prime?
False
Is 48114487 a composite number?
False
Is 644815949 a pri